{"id":77,"date":"2026-03-03T11:22:38","date_gmt":"2026-03-03T10:22:38","guid":{"rendered":"https:\/\/site27.monsitecommeunpro.fr\/?page_id=77"},"modified":"2026-03-04T08:27:13","modified_gmt":"2026-03-04T07:27:13","slug":"legendes-masculines","status":"publish","type":"page","link":"https:\/\/site27.monsitecommeunpro.fr\/?page_id=77","title":{"rendered":"L\u00e9gendes Masculines"},"content":{"rendered":"\n<p class=\"has-text-align-center\">Depuis plus d\u2019un si\u00e8cle, des champions ont fa\u00e7onn\u00e9 l\u2019histoire du tennis masculin par leur talent, leur mental et leurs exploits.<\/p>\n\n\n\n<div class=\"wp-block-media-text has-media-on-the-right is-stacked-on-mobile\"><div class=\"wp-block-media-text__content\">\n<p>Roger Federer<\/p>\n\n\n\n<h3 class=\"wp-block-heading\">Le Ma\u00eetre<\/h3>\n\n\n\n<p>Roger Federer est consid\u00e9r\u00e9 comme l\u2019un des joueurs les plus \u00e9l\u00e9gants de l\u2019histoire.<\/p>\n\n\n\n<ul class=\"wp-block-list\">\n<li>20 titres du Grand Chelem<\/li>\n\n\n\n<li>8 titres \u00e0 Wimbledon<\/li>\n\n\n\n<li>310 semaines n\u00b01 mondial<\/li>\n<\/ul>\n\n\n\n<p>\u2192 Voir fiche compl\u00e8te<\/p>\n<\/div><figure class=\"wp-block-media-text__media\"><img loading=\"lazy\" decoding=\"async\" width=\"275\" height=\"183\" src=\"https:\/\/site27.monsitecommeunpro.fr\/wp-content\/uploads\/2026\/03\/images.jpg\" alt=\"\" class=\"wp-image-96 size-full\"\/><\/figure><\/div>\n\n\n\n<div class=\"wp-block-media-text is-stacked-on-mobile\"><figure class=\"wp-block-media-text__media\"><img loading=\"lazy\" decoding=\"async\" width=\"275\" height=\"183\" src=\"https:\/\/site27.monsitecommeunpro.fr\/wp-content\/uploads\/2026\/03\/telechargement-1.jpg\" alt=\"\" class=\"wp-image-97 size-full\"\/><\/figure><div class=\"wp-block-media-text__content\">\n<p>Rafael Nadal<\/p>\n\n\n\n<h3 class=\"wp-block-heading\">Le Roi de la Terre Battue<\/h3>\n\n\n\n<p>Rafael Nadal domine l\u2019histoire de Roland-Garros avec un record in\u00e9gal\u00e9.<\/p>\n\n\n\n<ul class=\"wp-block-list\">\n<li>14 titres \u00e0 Roland-Garros<\/li>\n\n\n\n<li>Combattant l\u00e9gendaire<\/li>\n<\/ul>\n\n\n\n<p>\u2192 Voir fiche compl\u00e8te<\/p>\n<\/div><\/div>\n\n\n\n<div class=\"wp-block-media-text has-media-on-the-right is-stacked-on-mobile\"><div class=\"wp-block-media-text__content\">\n<p>Novak Djokovic<\/p>\n\n\n\n<h3 class=\"wp-block-heading\">Le Strat\u00e8ge Inarr\u00eatable<\/h3>\n\n\n\n<p>Novak Djokovic domine l\u2019\u00e8re moderne gr\u00e2ce \u00e0 sa r\u00e9gularit\u00e9 exceptionnelle et sa force mentale incomparable.<\/p>\n\n\n\n<ul class=\"wp-block-list\">\n<li>Record de titres en Grand Chelem<\/li>\n\n\n\n<li>Plus grand nombre de semaines n\u00b01 mondial<\/li>\n<\/ul>\n\n\n\n<p>\u2192 Voir fiche compl\u00e8te<\/p>\n<\/div><figure class=\"wp-block-media-text__media\"><img loading=\"lazy\" decoding=\"async\" width=\"275\" height=\"183\" src=\"https:\/\/site27.monsitecommeunpro.fr\/wp-content\/uploads\/2026\/03\/Djoko.jpg\" alt=\"\" class=\"wp-image-98 size-full\"\/><\/figure><\/div>\n\n\n\n<div class=\"wp-block-media-text is-stacked-on-mobile\"><figure class=\"wp-block-media-text__media\"><img loading=\"lazy\" decoding=\"async\" width=\"276\" height=\"183\" src=\"https:\/\/site27.monsitecommeunpro.fr\/wp-content\/uploads\/2026\/03\/telechargement-2.jpg\" alt=\"\" class=\"wp-image-99 size-full\"\/><\/figure><div class=\"wp-block-media-text__content\">\n<p>L\u2019Ic\u00f4ne des Ann\u00e9es 90<\/p>\n\n\n\n<p>Andre Agassi a marqu\u00e9 le tennis par son style flamboyant et son talent spectaculaire.<\/p>\n\n\n\n<ul class=\"wp-block-list\">\n<li>8 titres du Grand Chelem<\/li>\n\n\n\n<li>Career Grand Slam<\/li>\n<\/ul>\n\n\n\n<p>\u2192 Voir fiche compl\u00e8te<\/p>\n<\/div><\/div>\n\n\n\n<div class=\"wp-block-media-text has-media-on-the-right is-stacked-on-mobile\"><div class=\"wp-block-media-text__content\">\n<p>Bj\u00f6rn Borg<\/p>\n\n\n\n<h3 class=\"wp-block-heading\">Le Viking Glacial<\/h3>\n\n\n\n<p>Bj\u00f6rn Borg a domin\u00e9 la fin des ann\u00e9es 70 avec un calme impressionnant.<\/p>\n\n\n\n<ul class=\"wp-block-list\">\n<li>6 titres \u00e0 Roland-Garros<\/li>\n\n\n\n<li>5 titres cons\u00e9cutifs \u00e0 Wimbledon<\/li>\n<\/ul>\n\n\n\n<p>\u2192 Voir fiche compl\u00e8te<\/p>\n<\/div><figure class=\"wp-block-media-text__media\"><img loading=\"lazy\" decoding=\"async\" width=\"299\" height=\"169\" src=\"https:\/\/site27.monsitecommeunpro.fr\/wp-content\/uploads\/2026\/03\/image1.jpg\" alt=\"\" class=\"wp-image-100 size-full\"\/><\/figure><\/div>\n\n\n\n<div class=\"wp-block-media-text is-stacked-on-mobile\"><figure class=\"wp-block-media-text__media\"><img loading=\"lazy\" decoding=\"async\" width=\"210\" height=\"240\" src=\"https:\/\/site27.monsitecommeunpro.fr\/wp-content\/uploads\/2026\/03\/telechargement-3.jpg\" alt=\"\" class=\"wp-image-101 size-full\"\/><\/figure><div class=\"wp-block-media-text__content\">\n<p>Rod Laver<\/p>\n\n\n\n<h3 class=\"wp-block-heading\">Le Ma\u00eetre du Grand Chelem<\/h3>\n\n\n\n<p>Rod Laver est le seul joueur \u00e0 avoir r\u00e9alis\u00e9 <strong>deux Grands Chelems calendaires<\/strong> (1962 et 1969).<\/p>\n\n\n\n<ul class=\"wp-block-list\">\n<li>11 titres du Grand Chelem<\/li>\n\n\n\n<li>L\u00e9gende absolue des ann\u00e9es 60<\/li>\n<\/ul>\n\n\n\n<p>\u2192 Voir fiche compl\u00e8te<\/p>\n<\/div><\/div>\n\n\n\n<div class=\"wp-block-media-text has-media-on-the-right is-stacked-on-mobile\"><div class=\"wp-block-media-text__content\">\n<p>Jimmy Connors<\/p>\n\n\n\n<h3 class=\"wp-block-heading\">Le Guerrier Am\u00e9ricain<\/h3>\n\n\n\n<p>Jimmy Connors d\u00e9tient l\u2019un des plus grands nombres de titres en carri\u00e8re.<\/p>\n\n\n\n<ul class=\"wp-block-list\">\n<li>8 titres du Grand Chelem<\/li>\n\n\n\n<li>Record historique de titres ATP<\/li>\n<\/ul>\n\n\n\n<p>\u2192 Voir fiche compl\u00e8te<\/p>\n<\/div><figure class=\"wp-block-media-text__media\"><img loading=\"lazy\" decoding=\"async\" width=\"183\" height=\"276\" src=\"https:\/\/site27.monsitecommeunpro.fr\/wp-content\/uploads\/2026\/03\/telechargement-4.jpg\" alt=\"\" class=\"wp-image-102 size-full\"\/><\/figure><\/div>\n\n\n\n<p><\/p>\n","protected":false},"excerpt":{"rendered":"<p>Depuis plus d\u2019un si\u00e8cle, des champions ont fa\u00e7onn\u00e9 l\u2019histoire du tennis masculin par leur talent, leur mental et leurs exploits.<\/p>\n","protected":false},"author":1,"featured_media":0,"parent":0,"menu_order":0,"comment_status":"closed","ping_status":"closed","template":"","meta":{"site-sidebar-layout":"default","site-content-layout":"","ast-site-content-layout":"default","site-content-style":"default","site-sidebar-style":"default","ast-global-header-display":"","ast-banner-title-visibility":"","ast-main-header-display":"","ast-hfb-above-header-display":"","ast-hfb-below-header-display":"","ast-hfb-mobile-header-display":"","site-post-title":"","ast-breadcrumbs-content":"","ast-featured-img":"","footer-sml-layout":"","theme-transparent-header-meta":"","adv-header-id-meta":"","stick-header-meta":"","header-above-stick-meta":"","header-main-stick-meta":"","header-below-stick-meta":"","astra-migrate-meta-layouts":"default","ast-page-background-enabled":"default","ast-page-background-meta":{"desktop":{"background-color":"var(--ast-global-color-5)","background-image":"","background-repeat":"repeat","background-position":"center center","background-size":"auto","background-attachment":"scroll","background-type":"","background-media":"","overlay-type":"","overlay-color":"","overlay-opacity":"","overlay-gradient":""},"tablet":{"background-color":"","background-image":"","background-repeat":"repeat","background-position":"center center","background-size":"auto","background-attachment":"scroll","background-type":"","background-media":"","overlay-type":"","overlay-color":"","overlay-opacity":"","overlay-gradient":""},"mobile":{"background-color":"","background-image":"","background-repeat":"repeat","background-position":"center center","background-size":"auto","background-attachment":"scroll","background-type":"","background-media":"","overlay-type":"","overlay-color":"","overlay-opacity":"","overlay-gradient":""}},"ast-content-background-meta":{"desktop":{"background-color":"var(--ast-global-color-4)","background-image":"","background-repeat":"repeat","background-position":"center center","background-size":"auto","background-attachment":"scroll","background-type":"","background-media":"","overlay-type":"","overlay-color":"","overlay-opacity":"","overlay-gradient":""},"tablet":{"background-color":"var(--ast-global-color-4)","background-image":"","background-repeat":"repeat","background-position":"center center","background-size":"auto","background-attachment":"scroll","background-type":"","background-media":"","overlay-type":"","overlay-color":"","overlay-opacity":"","overlay-gradient":""},"mobile":{"background-color":"var(--ast-global-color-4)","background-image":"","background-repeat":"repeat","background-position":"center center","background-size":"auto","background-attachment":"scroll","background-type":"","background-media":"","overlay-type":"","overlay-color":"","overlay-opacity":"","overlay-gradient":""}},"footnotes":""},"class_list":["post-77","page","type-page","status-publish","hentry"],"yoast_head":"<!-- This site is optimized with the Yoast SEO plugin v27.0 - https:\/\/yoast.com\/product\/yoast-seo-wordpress\/ -->\n<title>L\u00e9gendes Masculines - Tennis Pro<\/title>\n<meta name=\"robots\" content=\"index, follow, max-snippet:-1, max-image-preview:large, max-video-preview:-1\" \/>\n<link rel=\"canonical\" href=\"https:\/\/site27.monsitecommeunpro.fr\/?page_id=77\" \/>\n<meta property=\"og:locale\" content=\"fr_FR\" \/>\n<meta property=\"og:type\" content=\"article\" \/>\n<meta property=\"og:title\" content=\"L\u00e9gendes Masculines - Tennis Pro\" \/>\n<meta property=\"og:description\" content=\"Depuis plus d\u2019un si\u00e8cle, des champions ont fa\u00e7onn\u00e9 l\u2019histoire du tennis masculin par leur talent, leur mental et leurs exploits.\" \/>\n<meta property=\"og:url\" content=\"https:\/\/site27.monsitecommeunpro.fr\/?page_id=77\" \/>\n<meta property=\"og:site_name\" content=\"Tennis Pro\" \/>\n<meta property=\"article:modified_time\" content=\"2026-03-04T07:27:13+00:00\" \/>\n<meta property=\"og:image\" content=\"https:\/\/site27.monsitecommeunpro.fr\/wp-content\/uploads\/2026\/03\/images.jpg\" \/>\n\t<meta property=\"og:image:width\" content=\"275\" \/>\n\t<meta property=\"og:image:height\" content=\"183\" \/>\n\t<meta property=\"og:image:type\" content=\"image\/jpeg\" \/>\n<meta name=\"twitter:card\" content=\"summary_large_image\" \/>\n<meta name=\"twitter:label1\" content=\"Dur\u00e9e de lecture estim\u00e9e\" \/>\n\t<meta name=\"twitter:data1\" content=\"1 minute\" \/>\n<script type=\"application\/ld+json\" class=\"yoast-schema-graph\">{\"@context\":\"https:\/\/schema.org\",\"@graph\":[{\"@type\":\"WebPage\",\"@id\":\"https:\/\/site27.monsitecommeunpro.fr\/?page_id=77\",\"url\":\"https:\/\/site27.monsitecommeunpro.fr\/?page_id=77\",\"name\":\"L\u00e9gendes Masculines - Tennis Pro\",\"isPartOf\":{\"@id\":\"https:\/\/site27.monsitecommeunpro.fr\/#website\"},\"primaryImageOfPage\":{\"@id\":\"https:\/\/site27.monsitecommeunpro.fr\/?page_id=77#primaryimage\"},\"image\":{\"@id\":\"https:\/\/site27.monsitecommeunpro.fr\/?page_id=77#primaryimage\"},\"thumbnailUrl\":\"https:\/\/site27.monsitecommeunpro.fr\/wp-content\/uploads\/2026\/03\/images.jpg\",\"datePublished\":\"2026-03-03T10:22:38+00:00\",\"dateModified\":\"2026-03-04T07:27:13+00:00\",\"breadcrumb\":{\"@id\":\"https:\/\/site27.monsitecommeunpro.fr\/?page_id=77#breadcrumb\"},\"inLanguage\":\"fr-FR\",\"potentialAction\":[{\"@type\":\"ReadAction\",\"target\":[\"https:\/\/site27.monsitecommeunpro.fr\/?page_id=77\"]}]},{\"@type\":\"ImageObject\",\"inLanguage\":\"fr-FR\",\"@id\":\"https:\/\/site27.monsitecommeunpro.fr\/?page_id=77#primaryimage\",\"url\":\"https:\/\/site27.monsitecommeunpro.fr\/wp-content\/uploads\/2026\/03\/images.jpg\",\"contentUrl\":\"https:\/\/site27.monsitecommeunpro.fr\/wp-content\/uploads\/2026\/03\/images.jpg\",\"width\":275,\"height\":183},{\"@type\":\"BreadcrumbList\",\"@id\":\"https:\/\/site27.monsitecommeunpro.fr\/?page_id=77#breadcrumb\",\"itemListElement\":[{\"@type\":\"ListItem\",\"position\":1,\"name\":\"Accueil\",\"item\":\"https:\/\/site27.monsitecommeunpro.fr\/\"},{\"@type\":\"ListItem\",\"position\":2,\"name\":\"L\u00e9gendes Masculines\"}]},{\"@type\":\"WebSite\",\"@id\":\"https:\/\/site27.monsitecommeunpro.fr\/#website\",\"url\":\"https:\/\/site27.monsitecommeunpro.fr\/\",\"name\":\"Tennis Pro\",\"description\":\"Plus qu&#039;un simple sport, c&#039;est une passion !\",\"publisher\":{\"@id\":\"https:\/\/site27.monsitecommeunpro.fr\/#organization\"},\"potentialAction\":[{\"@type\":\"SearchAction\",\"target\":{\"@type\":\"EntryPoint\",\"urlTemplate\":\"https:\/\/site27.monsitecommeunpro.fr\/?s={search_term_string}\"},\"query-input\":{\"@type\":\"PropertyValueSpecification\",\"valueRequired\":true,\"valueName\":\"search_term_string\"}}],\"inLanguage\":\"fr-FR\"},{\"@type\":\"Organization\",\"@id\":\"https:\/\/site27.monsitecommeunpro.fr\/#organization\",\"name\":\"Tennis Pro\",\"url\":\"https:\/\/site27.monsitecommeunpro.fr\/\",\"logo\":{\"@type\":\"ImageObject\",\"inLanguage\":\"fr-FR\",\"@id\":\"https:\/\/site27.monsitecommeunpro.fr\/#\/schema\/logo\/image\/\",\"url\":\"https:\/\/site27.monsitecommeunpro.fr\/wp-content\/uploads\/2026\/03\/cropped-vdhvhru.jpeg\",\"contentUrl\":\"https:\/\/site27.monsitecommeunpro.fr\/wp-content\/uploads\/2026\/03\/cropped-vdhvhru.jpeg\",\"width\":175,\"height\":176,\"caption\":\"Tennis Pro\"},\"image\":{\"@id\":\"https:\/\/site27.monsitecommeunpro.fr\/#\/schema\/logo\/image\/\"}}]}<\/script>\n<!-- \/ Yoast SEO plugin. -->","yoast_head_json":{"title":"L\u00e9gendes Masculines - Tennis Pro","robots":{"index":"index","follow":"follow","max-snippet":"max-snippet:-1","max-image-preview":"max-image-preview:large","max-video-preview":"max-video-preview:-1"},"canonical":"https:\/\/site27.monsitecommeunpro.fr\/?page_id=77","og_locale":"fr_FR","og_type":"article","og_title":"L\u00e9gendes Masculines - Tennis Pro","og_description":"Depuis plus d\u2019un si\u00e8cle, des champions ont fa\u00e7onn\u00e9 l\u2019histoire du tennis masculin par leur talent, leur mental et leurs exploits.","og_url":"https:\/\/site27.monsitecommeunpro.fr\/?page_id=77","og_site_name":"Tennis Pro","article_modified_time":"2026-03-04T07:27:13+00:00","og_image":[{"width":275,"height":183,"url":"https:\/\/site27.monsitecommeunpro.fr\/wp-content\/uploads\/2026\/03\/images.jpg","type":"image\/jpeg"}],"twitter_card":"summary_large_image","twitter_misc":{"Dur\u00e9e de lecture estim\u00e9e":"1 minute"},"schema":{"@context":"https:\/\/schema.org","@graph":[{"@type":"WebPage","@id":"https:\/\/site27.monsitecommeunpro.fr\/?page_id=77","url":"https:\/\/site27.monsitecommeunpro.fr\/?page_id=77","name":"L\u00e9gendes Masculines - Tennis Pro","isPartOf":{"@id":"https:\/\/site27.monsitecommeunpro.fr\/#website"},"primaryImageOfPage":{"@id":"https:\/\/site27.monsitecommeunpro.fr\/?page_id=77#primaryimage"},"image":{"@id":"https:\/\/site27.monsitecommeunpro.fr\/?page_id=77#primaryimage"},"thumbnailUrl":"https:\/\/site27.monsitecommeunpro.fr\/wp-content\/uploads\/2026\/03\/images.jpg","datePublished":"2026-03-03T10:22:38+00:00","dateModified":"2026-03-04T07:27:13+00:00","breadcrumb":{"@id":"https:\/\/site27.monsitecommeunpro.fr\/?page_id=77#breadcrumb"},"inLanguage":"fr-FR","potentialAction":[{"@type":"ReadAction","target":["https:\/\/site27.monsitecommeunpro.fr\/?page_id=77"]}]},{"@type":"ImageObject","inLanguage":"fr-FR","@id":"https:\/\/site27.monsitecommeunpro.fr\/?page_id=77#primaryimage","url":"https:\/\/site27.monsitecommeunpro.fr\/wp-content\/uploads\/2026\/03\/images.jpg","contentUrl":"https:\/\/site27.monsitecommeunpro.fr\/wp-content\/uploads\/2026\/03\/images.jpg","width":275,"height":183},{"@type":"BreadcrumbList","@id":"https:\/\/site27.monsitecommeunpro.fr\/?page_id=77#breadcrumb","itemListElement":[{"@type":"ListItem","position":1,"name":"Accueil","item":"https:\/\/site27.monsitecommeunpro.fr\/"},{"@type":"ListItem","position":2,"name":"L\u00e9gendes Masculines"}]},{"@type":"WebSite","@id":"https:\/\/site27.monsitecommeunpro.fr\/#website","url":"https:\/\/site27.monsitecommeunpro.fr\/","name":"Tennis Pro","description":"Plus qu&#039;un simple sport, c&#039;est une passion !","publisher":{"@id":"https:\/\/site27.monsitecommeunpro.fr\/#organization"},"potentialAction":[{"@type":"SearchAction","target":{"@type":"EntryPoint","urlTemplate":"https:\/\/site27.monsitecommeunpro.fr\/?s={search_term_string}"},"query-input":{"@type":"PropertyValueSpecification","valueRequired":true,"valueName":"search_term_string"}}],"inLanguage":"fr-FR"},{"@type":"Organization","@id":"https:\/\/site27.monsitecommeunpro.fr\/#organization","name":"Tennis Pro","url":"https:\/\/site27.monsitecommeunpro.fr\/","logo":{"@type":"ImageObject","inLanguage":"fr-FR","@id":"https:\/\/site27.monsitecommeunpro.fr\/#\/schema\/logo\/image\/","url":"https:\/\/site27.monsitecommeunpro.fr\/wp-content\/uploads\/2026\/03\/cropped-vdhvhru.jpeg","contentUrl":"https:\/\/site27.monsitecommeunpro.fr\/wp-content\/uploads\/2026\/03\/cropped-vdhvhru.jpeg","width":175,"height":176,"caption":"Tennis Pro"},"image":{"@id":"https:\/\/site27.monsitecommeunpro.fr\/#\/schema\/logo\/image\/"}}]}},"_links":{"self":[{"href":"https:\/\/site27.monsitecommeunpro.fr\/index.php?rest_route=\/wp\/v2\/pages\/77","targetHints":{"allow":["GET"]}}],"collection":[{"href":"https:\/\/site27.monsitecommeunpro.fr\/index.php?rest_route=\/wp\/v2\/pages"}],"about":[{"href":"https:\/\/site27.monsitecommeunpro.fr\/index.php?rest_route=\/wp\/v2\/types\/page"}],"author":[{"embeddable":true,"href":"https:\/\/site27.monsitecommeunpro.fr\/index.php?rest_route=\/wp\/v2\/users\/1"}],"replies":[{"embeddable":true,"href":"https:\/\/site27.monsitecommeunpro.fr\/index.php?rest_route=%2Fwp%2Fv2%2Fcomments&post=77"}],"version-history":[{"count":4,"href":"https:\/\/site27.monsitecommeunpro.fr\/index.php?rest_route=\/wp\/v2\/pages\/77\/revisions"}],"predecessor-version":[{"id":141,"href":"https:\/\/site27.monsitecommeunpro.fr\/index.php?rest_route=\/wp\/v2\/pages\/77\/revisions\/141"}],"wp:attachment":[{"href":"https:\/\/site27.monsitecommeunpro.fr\/index.php?rest_route=%2Fwp%2Fv2%2Fmedia&parent=77"}],"curies":[{"name":"wp","href":"https:\/\/api.w.org\/{rel}","templated":true}]}}